).
1965
Let w(j) = j**2 - 6088*j + 462685. What is w(77)?
-162
Let t(i) = -3*i**2 - 437*i - 6879. Give t(-18).
15
Let p(s) = 526*s - 20384. Determine p(46).
3812
Let a(o) = -2961*o + 5821. Determine a(2).
-101
Let d(t) = -134*t**2 + 2430*t - 13. Give d(18).
311
Let s(w) = 190*w**3 - 6*w**2 + 40*w - 39. Calculate s(1).
185
Let a(h) = 75*h**2 - 52*h + 54. Determine a(4).
1046
Let g(c) = c**2 + 96553*c + 5982442. Give g(-62).
0
Let g(l) = -2*l**3 - 66*l**2 + 212*l + 376. Calculate g(-37).
3484
Let f(d) = -8*d**3 + 6*d**2 + 32*d + 17. What is f(-4)?
497
Let j(m) = -3222*m + 21766. What is j(7)?
-788
Let d(u) = -u**3 + 246*u**2 - 1695*u + 5264. Calculate d(239).
6
Let v(w) = -2*w**3 + 2061*w**2 + 1089*w - 59790. Calculate v(1031).
8
Let u(a) = a**3 + 75*a**2 + 147*a + 506. Determine u(-73).
433
Let c(u) = 3*u**2 + 352*u - 104639. Give c(137).
-108
Let v(f) = -53*f**2 - 4078*f - 35304. What is v(-67)?
5
Let u(n) = -n**2 + 6179*n - 172230. Determine u(28).
-2
Let x(b) = -6212*b + 109904. Calculate x(18).
-1912
Let s(a) = -6*a**3 + 19*a**2 + 326*a - 38. What is s(-6)?
-14
Let y(g) = -1049*g + 10747. What is y(11)?
-792
Let t(f) = 58821*f - 176487. Determine t(3).
-24
Let r(x) = 3*x**2 + 8380*x + 41913. Determine r(-5).
88
Let a(m) = m**3 + 3013*m**2 + 12039*m + 9. What is a(-4)?
-3
Let l(u) = -92*u**3 + 3*u**2 + 1173*u - 3. Determine l(0).
-3
Let p(d) = -7*d**2 + 878*d - 5004. Calculate p(6).
12
Let f(m) = -8*m**2 - 4431*m + 59530. What is f(-567)?
-5
Let j(q) = -q**2 - 61*q - 43. Determine j(-2).
75
Let g(f) = -617*f**2 - 14*f + 8. Calculate g(-1).
-595
Let s(v) = -3199*v + 1244447. Determine s(389).
36
Let i(u) = -u**2 + 704*u - 115058. Determine i(258).
10
Let z(j) = 2*j**2 + 704*j - 527751. Give z(-719).
-5
Let i(o) = 6*o**3 + 122*o**2 - 91*o - 113. Give i(-21).
34
Let c(u) = -2*u**2 + 1037*u - 30924. What is c(31)?
-699
Let z(l) = l**3 - 29*l**2 + 27*l - 862. Determine z(28).
-890
Let o(m) = 3*m**3 - m**2 - 19*m - 11. Give o(2).
-29
Let r(v) = -3*v**2 - 1219*v - 21477. Determine r(-18).
-507
Let s(j) = -3*j**2 + 241*j - 317. What is s(77)?
453
Let q(m) = 11*m**2 - 625*m - 5054. What is q(-8)?
650
Let y(w) = 563*w + 4046. Calculate y(-2).
2920
Let u(l) = -5*l**3 + 198*l**2 - 1216*l - 19. Determine u(32).
-19
Let x(t) = -3316*t - 14716. Give x(-4).
-1452
Let i(d) = d**2 + 25*d - 487. Calculate i(16).
169
Let k(d) = 519*d - 578. What is k(3)?
979
Let t(q) = -q**2 - 114*q + 244667. What is t(441)?
-88
Let h(y) = 2*y**3 + 14*y**2 - 187*y - 343. Determine h(-13).
60
Let l(u) = -157*u - 186. Calculate l(4).
-814
Let j(q) = -q**3 - 33*q**2 - 55*q - 1820. What is j(-33)?
-5
Let i(m) = -674*m - 3427. What is i(-5)?
-57
Let x(j) = 358*j**3 + 37*j**2 - 9*j - 8. Give x(-1).
-320
Let u(w) = 272003*w + 1359963. Calculate u(-5).
-52
Let o(p) = 76*p**2 + 9139*p + 2284. Calculate o(-120).
4
Let q(w) = w**2 - 6711*w - 980263. Calculate q(-143).
-141
Let p(r) = 8712*r + 15747. What is p(-2)?
-1677
Let o(g) = g**2 + 254*g - 5563. What is o(29)?
2644
Let x(g) = 12696*g - 26146. Calculate x(2).
-754
Let v(i) = i**2 + 23920*i + 334810. What is v(-14)?
126
Let m(x) = -x**3 + 41*x**2 - 388*x + 47. Calculate m(19).
617
Let a(s) = -s**3 + 31*s**2 + 1864*s + 815. Give a(-30).
-205
Let u(t) = t**3 - 95*t**2 - 943*t + 1146. Calculate u(-10).
76
Let b(z) = 2*z**2 - 119*z - 6359. What is b(-38)?
1051
Let t(h) = -125*h + 1200. What is t(11)?
-175
Let w(b) = -68*b**2 - 497*b + 5403. What is w(6)?
-27
Let i(r) = -962*r**2 - 1745*r - 1745. Calculate i(-1).
-962
Let u(i) = 12755*i + 42223. What is u(-3)?
3958
Let c(x) = -x**3 + 48*x**2 + 26*x - 3397. Calculate c(47).
34
Let x(k) = -87*k + 7216. What is x(83)?
-5
Let t(a) = -3074*a + 310453. Give t(101).
-21
Let m(c) = c**3 + 60*c**2 + 868*c - 591. What is m(-34)?
-47
Let i(z) = -31568*z + 189401. Give i(6).
-7
Let w(s) = -s**3 - 112*s**2 + 30*s + 3025. Calculate w(-112).
-335
Let p(o) = 4162*o - 174810. Calculate p(42).
-6
Let b(y) = 17*y**2 + 463*y - 2596. Determine b(-32).
-4
Let n(o) = -1069*o**2 - 74815*o + 1037. Calculate n(-70).
-13
Let o(l) = -l**3 - 60*l**2 + 434*l - 7494. What is o(-68)?
-14
Let a(l) = -9*l**2 + 3479*l + 179079. Determine a(-46).
1
Let u(v) = 551*v - 16566. Give u(30).
-36
Let z(f) = -4*f**2 + 38*f + 43. Determine z(-1).
1
Let w(f) = -15*f**2 + 8290*f + 11130. Give w(554).
50
Let x(m) = -15*m**3 + 14*m**2 + 14*m - 87. Determine x(-3).
402
Let h(m) = -m**2 + 4*m + 772. Determine h(-30).
-248
Let w(j) = -6*j**2 - 100*j + 2400. Give w(20).
-2000
Let y(z) = z**3 + 141*z**2 + 99*z + 16833. What is y(-141)?
2874
Let j(q) = -q**3 + 107*q**2 - 499*q - 10773. What is j(101)?
34
Let n(s) = 111*s**2 - 3921*s + 1267. Determine n(35).
7
Let w(x) = -3*x**3 - 41*x**2 + 3147*x + 41232. Determine w(-13).
-17
Let p(f) = 19571*f - 39178. Determine p(2).
-36
Let d(o) = 42*o**2 - 123*o - 8. Determine d(4).
172
Let m(o) = -9897*o - 712592. Give m(-72).
-8
Let c(r) = 77*r**2 + 1026*r - 1940. Calculate c(-15).
-5
Let x(n) = -n**3 - 105*n**2 + 842*n + 14. What is x(8)?
-482
Let q(y) = -111463*y - 334446. Calculate q(-3).
-57
Let u(c) = -2*c**2 - 828*c - 37859. What is u(-359)?
1631
Let i(n) = n**2 - 36*n - 9787. Calculate i(121).
498
Let k(s) = 13*s**2 - 327*s + 802. What is k(38)?
7148
Let z(n) = -3346*n**2 + 68*n + 61. Determine z(-1).
-3353
Let l(k) = 774*k + 57798. What is l(-75)?
-252
Let m(u) = -u**2 - 16*u + 298. What is m(27)?
-863
Let f(w) = -2*w**3 + 26*w**2 - 16*w - 261. Determine f(-4).
347
Let n(g) = 8*g**3 - 420*g**2 + 214*g + 748. What is n(52)?
1060
Let s(n) = -337*n**2 - 1354*n - 16. What is s(-4)?
8
Let i(w) = 1070*w + 91714. Calculate i(-86).
-306
Let v(k) = -6*k**3 + 753*k**2 + 382*k - 490. Determine v(126).
14
Let a(u) = u**3 - 87*u**2 + 385*u - 1594. Calculate a(83).
2805
Let t(k) = -k**3 + 71*k**2 + 4150*k + 216. Give t(-38).
-88
Let a(t) = -t**3 + 257*t**2 + 28632*t - 1011. Determine a(-84).
-3
Let a(c) = -c**2 - 811*c - 70234. Give a(-99).
254
Let b(o) = 427*o + 108481. Give b(-254).
23
Let l(o) = 8*o**3 + 1199*o**2 - 147*o + 394. What is l(-150)?
-56
Let c(k) = -69*k - 3676. Calculate c(-59).
395
Let v(d) = -d**3 - 62*d**2 - 32*d - 5895. Determine v(-63).
90
Let p(u) = 98577*u + 887470. What is p(-9)?
277
Let m(t) = 6*t**2 + 4929*t - 29521. Calculate m(6).
269
Let l(m) = -877*m - 17595. Calculate l(-20).
-55
Let y(f) = -2*f**2 + 484*f + 3863. Calculate y(-8).
-137
Let i(f) = -6793*f + 366820. What is i(54)?
-2
Let m(c) = 5*c**2 - 1979*c + 11383. Calculate m(390).
73
Let i(k) = -6*k**3 - 11*k**2 - 3*k - 4. What is i(-2)?
6
Let g(z) = 4*z**3 + 1013*z**2 + 339*z + 21758. Give g(-253).
0
Let c(k) = -202*k**2 - 14740*k + 440. What is c(-73)?
2
Let u(q) = 12*q**3 - 112*q**2 - 216*q - 60. What is u(11)?
-16
Let o(q) = q**3 + 30*q**2 - 69*q + 70. Calculate o(-32).
230
Let o(h) = 40722*h - 81458. Determine o(2).
-14
Let x(d) = d**2 + 3978*d + 35684. What is x(-9)?
-37
Let m(q) = -416*q + 15431. Determine m(37).
39
Let x(t) = 635*t + 186684. What is x(-294)?
-6
Let k(r) = 24343*r**2 + 146058*r - 2. Calculate k(-6).
-2
Let w(a) = a**3 + 145*a**2 - a + 418. Calculate w(-145).
563
Let j(g) = 5*g**3 - 131*g**2 - 151*g + 1163. Give j(27).
2
Let a(m) = -199*m**2 + 3589*m - 112. Give a(18).
14
Let k(b) = 14*b**3 - 5682*b**2 - 832*b + 8099. Determine k(406).
-21
Let u(s) = 113*s - 2001. Calculate u(18).
33
Let x(p) = -6243*p - 986407. What is x(-158)?
-13
Let n(i) = -99*i**3 - i**2 - 204*i - 599. Calculate n(-3).
2677
Let o(i) = -5319*i - 42491. Determine o(-8).
61
Let r(z) = -z**2 + 273*z - 16384. Give r(199).
-1658
Let o(h) = 6*h**3 - 735*h**2 - 386*h + 2105. Calculate o(123).
14
Let u(w) = -12535*w - 25660. What is u(-2)?
-590
Let p(g) = -74742*g + 8969039. Give p(120).
-1
Let v(f) = 2*f**2 + 175*f + 3764. Give v(-43).
-63
Let w(v) = 207*v**2 + 375*v - 464. What is w(4)?
4348
Let u(f) = 126*f**3 - 9849*f**2 + 1645*f - 549. Give u(78).
-3
Let f(r) = -211754*r + 847018. What is f(4)?
2
Let k(d) = 59*d**2 - 2948*d - 70. What is k(50)?
30
Let r(x) = -887*x - 28108. Determine r(-32).
276
Let h(a) = 140*a**3 + 8*a**2 + 256*a + 249. What is h(-1)?
-139
Let l(v) = -v**2 + 12*v + 219. Give l(9).
246
Let i(d) = -d**3 - 150*d**2 - 448*d - 1088. Calculate i(-147).
-59
Let k(q) = 371*q + 983. Give k(-2).
241
Let a(k) = 66*k**3 + 